factors of q(l)?
131
Let b = -336 + 332. List the prime factors of (-3464)/(-8) + b/(-1).
19, 23
Let x(h) = 2*h - 12. Let g(f) = f - 6. Let p(k) = 5*g(k) - 2*x(k). Let u be p(6). Suppose u = -m + 19 + 19. List the prime factors of m.
2, 19
Let a(w) = -29*w - 114. Suppose -5*z = 5*s + 65, 40*s = 36*s + 3*z - 87. List the prime factors of a(s).
2, 3, 17
Suppose -g - 192 = -0*g + 3*h, -g - 208 = -5*h. Let f = g - -479. List the prime factors of f.
281
Suppose 3*p = -5*p + 432. Suppose -6*v + 5*v + p = 0. List the prime factors of (v/(-15))/(3/(-130)).
2, 3, 13
Let b = 18503 - 9227. List the prime factors of b.
2, 3, 773
Suppose 3*q = -3*l + 1128, 6*l - q + 3050 = 14*l. What are the prime factors of l?
2, 191
Suppose -306873 + 629496 = 272*d - 1438305. What are the prime factors of d?
2, 3, 13, 83
Suppose -294 = -d - 2*d. Let c be ((-76)/(-12) - 9)/((-2)/12). Suppose c*n - 2*n = d. What are the prime factors of n?
7
Suppose 16*o - 49738 = -10*o. Suppose 11*n - o = 2366. List the prime factors of n.
389
Let o = 573 - 573. Suppose -7*s + 2720 - 606 = o. What are the prime factors of s?
2, 151
Suppose -41 = -4*u - 25. List the prime factors of u/8*-5*(-62)/5.
31
Let v(n) = -13*n - 6. Let b be v(-2). Suppose -3*o = -5*h - 5*o + 35, -3*h - o = -b. Suppose x + h*g = 39, -2*x + 4*x - 23 = g. What are the prime factors of x?
2, 7
Suppose -5*g = -b - 19, -g + 6*g + b - 21 = 0. Suppose -6*o + 1154 = -3*o - g*p, -4*o - 3*p + 1547 = 0. What are the prime factors of o?
2, 193
Let p = -112 + 106. What are the prime factors of (3*(2 - 175))/(p/2)?
173
Let r = 234 + 269. Let c = r - 48. What are the prime factors of c?
5, 7, 13
Let v be (119 - -1)*((-770)/(-165) + 22/(-6)). Suppose -5*w = -58 - 27. Suppose 4*u - v = -2*r, -5*r - w = -7. List the prime factors of u.
31
List the prime factors of 35/3*432/96*(-2452)/(-5).
2, 3, 7, 613
Let a = 101 - 105. List the prime factors of -12 + 9 + (-2040)/a.
3, 13
Let l(c) = 966*c**2 + 13*c + 1. What are the prime factors of l(1)?
2, 5, 7
Suppose -4*j = -20, 11*p - 16*p - 5*j = -125245. List the prime factors of p.
2, 3, 2087
Let h(p) = p**3 - 11*p**2 - 9*p - 19. Let n be h(12). Suppose -4533 - 1094 = -n*r. List the prime factors of r.
331
Suppose 5*h = -3*b - 36, -7 = 2*h + 5*b + 15. List the prime factors of (-4)/6 + ((-4124)/h)/2.
7
Let a = 97237 - 68581. What are the prime factors of a?
2, 3, 199
Let z(c) = 14*c + 8*c - 20*c + 6. Let h be z(-3). Suppose 2*p + 4*g = 62, 2*p - 3*g + h*g - 62 = 0. What are the prime factors of p?
31
Suppose 0 = 2*m + 5*h - 2441, -58*m + 61*m + 3*h - 3693 = 0. List the prime factors of m.
2, 619
Let g(r) = r**2 + 5*r - 18. Let p be g(-8). Suppose 1869 = p*t - 261. What are the prime factors of t?
5, 71
Let k(v) = -2*v**2 + 32*v + 119. Let o be k(19). Suppose x - 1284 = o*j, j = x + 2*x - 3894. What are the prime factors of x?
3, 433
Let t(l) = 29*l + 202. Let r be t(-6). Let m(c) = 4*c**2 - 106*c. What are the prime factors of m(r)?
2, 3, 7
Let w = 31 - 28. Suppose 4*t - 24 = -w*q, 3*t = -t + 2*q + 4. Suppose -2*a = -l - 271, -5*a + 0*a = t*l - 694. What are the prime factors of a?
137
Let w be 5 - (16/(-40) + 897/5). Let r = 261 + w. List the prime factors of r.
3, 29
Let z = 53 - 49. Let a = z - 0. List the prime factors of ((-500)/30)/(1/(1 - a)).
2, 5
Suppose a = 4*y - 10, 7*a - 4*a - y = 14. List the prime factors of a + -4 - 902/(-2).
3, 151
Let q(l) = -8*l - 1. Let j be (-23 + 5)/6 - 2*1. Let i be q(j). Let w = i - -76. What are the prime factors of w?
5, 23
Let y(u) = 13*u**2 + 12*u - 24. Let r(m) = 11*m**2 + 13*m - 24. Let t(o) = -7*r(o) + 6*y(o). List the prime factors of t(20).
2, 11
Suppose 2*k = -k - 3, 0 = 2*d - 5*k - 5923. List the prime factors of 34/153 - d/(-9).
7, 47
Let u be ((-24)/16)/(-1 + (-1)/(-2)). Suppose -2*v = 5*q + 11, 5*v + u*q - 4*q = 13. Suppose -v*w = -17*w + 2415. What are the prime factors of w?
7, 23
Suppose 5*z + o - 19 = 2*z, 3*z + 4*o = 31. Suppose z*r + 81 = 14*r. What are the prime factors of ((-156)/8)/(r/(-24))?
2, 13
Let j = -30938 - -55316. List the prime factors of j.
2, 3, 17, 239
Suppose 93*m + 137*m = 4604600. What are the prime factors of m?
2, 5, 7, 11, 13
Let j(t) be the third derivative of t**4/6 - 2*t**3 + 7*t**2. Let d be j(3). Suppose f - 48 - 93 = d. What are the prime factors of f?
3, 47
Suppose -86 = -5*i - 11. Suppose -i = h + 5. What are the prime factors of (63/6)/((-3)/h)?
2, 5, 7
Let n = 322 - 311. What are the prime factors of 7125/165 - 2/n?
43
Let c(x) = 2*x**2 - 21*x + 23. Let v be 0*((-4)/18)/((-8)/(-12)). Suppose v = -2*p + p + 13. List the prime factors of c(p).
2, 11
Suppose -66*f + 63*f + 29541 = n, 0 = -3*f + 3*n + 29541. List the prime factors of f.
43, 229
Let t = 50334 - 25431. List the prime factors of t.
3, 2767
Suppose 4*s + 1980 = 2*n - 972, s = -4*n + 5832. List the prime factors of n.
2, 5, 73
Let g = -176 + 156. List the prime factors of ((-794)/4)/(-10 - 190/g).
397
Suppose 97*f - 100*f - 5586 = -2*c, 4*f - 2782 = -c. What are the prime factors of c?
2, 3, 5, 31
Let f = 27 - 29. Let z be (f/(-3))/((-2)/(-294)). Suppose 392 = 6*n + z. List the prime factors of n.
7
List the prime factors of ((-24)/21 - -3)/((-18)/(-585018)).
13, 4643
Suppose 2*i = -h + 1738, i + 4*h - 511 - 358 = 0. Suppose -4*g + i = 5*d, 0 = -2*g - d + 567 - 140. List the prime factors of g/11 + (-28)/154.
19
Suppose -5*m - 968 = -s - 0*m, s = 2*m + 968. Let f = s + -478. List the prime factors of f.
2, 5, 7
Suppose -122*l + 124*l = 2098. Suppose -2*w + l = 117. What are the prime factors of w?
2, 233
Suppose 4*s = -106*c + 111*c + 153249, 5*s + 2*c = 191619. List the prime factors of s.
38321
Suppose -23464 = -4*v - 5*f, f - 25935 = -3*v - 8337. List the prime factors of v.
2, 7, 419
Suppose 3*g + 648 = -3*k, 4*k + 861 = -0*g - 5*g. Let z = k + 396. List the prime factors of z.
3, 59
Let r be -5 - 7/(-1) - (-33 + -3). Let o be ((-6)/(-3))/((-1)/(-51)). Let q = o - r. List the prime factors of q.
2
Suppose 14516*v - 14497*v = 227050. List the prime factors of v.
2, 5, 239
Suppose i + 4*i = 4*k - 74, 0 = -2*i + 4. Suppose 3*j = -k - 69. List the prime factors of (66*(-9)/j)/((-2)/(-10)).
3, 11
Suppose -15*q + 7 + 68 = 0. Suppose f = -6*l + l + 5393, l - q*f - 1063 = 0. List the prime factors of l.
2, 7, 11
Suppose 783*i - 888*i + 1155210 = 0. List the prime factors of i.
2, 5501
Suppose -j + 4*t + 18778 = 0, -35951 = -4*j - t + 39263. What are the prime factors of j?
2, 7, 17, 79
Suppose w + 6 = -4*y + 22, -4*y - 4*w = -28. Suppose 4*p = t - 205, -t + 0*t + y*p + 202 = 0. List the prime factors of t.
193
What are the prime factors of 2130475/(-62)*(-1 + 3*(-4)/20)?
2, 5, 2749
Let n(h) = 3*h + 0 + 3 - 53*h. What are the prime factors of n(-21)?
3, 13
Let p = -1461 - -2065. Let b = -1 + 6. Suppose b*h - 261 = p. List the prime factors of h.
173
What are the prime factors of (-10060)/14*(159 + -173)?
2, 5, 503
What are the prime factors of (-888581)/(-206) - (9/12)/(-3)*-2?
19, 227
What are the prime factors of (226 - 0)*(-9)/(180/(-310))?
31, 113
Suppose -p = 286 + 265. Let h = p + 577. What are the prime factors of h?
2, 13
Suppose -207*j + 530970 = 123*j. List the prime factors of j.
1609
Let t(l) = l**3 + 15*l**2 + l + 27. Let p be t(-15). Let q = p - 13. List the prime factors of 1362/12 - 6 - q/(-2).
107
Suppose -5 = -z + 3*v - 0, -5*z - 5*v + 25 = 0. Suppose 1608 = 2*f - 2*o, -z*f - 11*o = -7*o - 4002. What are the prime factors of f?
2, 401
Suppose -18 = -2*k + 148. Let t(q) = 20*q + 27. Let x be t(-4). Let z = k + x. List the prime factors of z.
2, 3, 5
Let v = 68351 - 35598. List the prime factors of v.
7, 4679
Suppose -2*f - 2*j + 6*j - 8 = 0, 5*f - 3*j = 8. Suppose 4*t + 5*c - 1620 = 1855, 1730 = 2*t + f*c. List the prime factors of t.
5, 7
Suppose -3*s - 7 = -4*s. Suppose -45 + 17 = -s*a. Suppose 4*d - 5*q + 4*q = 460, 0 = d - a*q - 100. List the prime factors of d.
2, 29
Suppose 2*f - 3*f + 10 = 0. Suppose -7*h = -f*h + 243. Suppose -c + h = 2*i, 5*c + 3*i = -i + 387. What are the prime factors of c?
3, 5
Let s = -9009 + 16817. What are the prime factors of s?
2, 61
Let j(f) = 8*f - 54. Let n be j(12). Suppose 2 - 10 = 2*q, -152 = 3*v - 4*q. List the prime factors of 7*-3*v/n.
2, 7
Let n = -173 - -629. Let o = n - -291. What 